 Calculate the greatest common divisor of 9 and f.
3
Let f(w) = 2*w**2 - 4*w + 3. Let r be f(3). Calculate the greatest common factor of r and 81.
9
Let u be (-22)/(-3)*(-6)/(-4). Suppose 3*t + m = 5*t - 9, -4*t + 25 = 5*m. Suppose -683 + 188 = -t*i. What is the greatest common divisor of i and u?
11
Let t = -354 + 497. Suppose 3*d - 5*u + 155 = 5*d, -2*d = u - t. Calculate the greatest common factor of 10 and d.
10
Suppose 17 + 8 = 2*m + 3*o, m - 23 = -5*o. What is the greatest common divisor of 12 and m?
4
Let f be 96/7 + 24/84. What is the greatest common divisor of 98 and f?
14
Let b(f) = f**2 + 5*f. Let h be b(-3). Let d be ((-243)/h)/((-1)/(-2)). Calculate the highest common factor of 9 and d.
9
Let l(w) = -w**3 - 9*w**2 + 12. Let m be l(-9). Suppose 3*d - d = m. Calculate the highest common divisor of d and 2.
2
Let k = -4 - -7. Suppose -k*w + w = 5*b + 11, -2*b = -2*w + 10. Let x = 10 + b. What is the highest common factor of x and 63?
7
Suppose -5*x + 183 = -257. Let s = 27 - 16. What is the greatest common divisor of x and s?
11
Let a(i) be the first derivative of -6*i**2 - 6*i + 4. Let b be a(-3). What is the greatest common divisor of b and 45?
15
Let s = 18 - 13. Suppose -5*t - 4*u + 54 = 0, -5*u = -6*t + 2*t + 35. Calculate the greatest common divisor of t and s.
5
Suppose -18 = -w + 10. Let t be (-456)/(-33) - (-6)/33. Calculate the highest common divisor of t and w.
14
Let b(t) = t**2 + 5*t + 1. Let s be b(-8). Calculate the greatest common factor of s and 10.
5
Let k be -1 + -2 + 2 + 86. Suppose 5*b = 20 + k. Calculate the highest common factor of b and 3.
3
Let q be (68 - (7 - 4)) + (0 - -1). Calculate the greatest common divisor of q and 44.
22
Let n(q) be the first derivative of -q**3/3 + 4*q**2 + 4*q - 1. Let f be n(6). Let u = -40 + 42. What is the highest common factor of f and u?
2
Let g = -13 - -9. Let m be (-1 - g)*11 - -3. What is the greatest common divisor of m and 18?
18
Suppose -3*i + 2 + 184 = 0. What is the highest common divisor of 31 and i?
31
Suppose -4*d + 48 = -0*d. Calculate the greatest common divisor of d and 48.
12
Let u = -2 - 1. Let v be 135*(-1)/(u/2). Suppose 0*q = -2*q - 5*c, -5*c - 10 = q. Calculate the greatest common divisor of q and v.
10
Suppose 0 = 2*k + 2 + 2. Let x = k + 12. Calculate the highest common factor of 20 and x.
10
Let q be (28/21)/((-4)/(-102)). What is the highest common factor of 306 and q?
34
Suppose 2*k = 21 - 3. Suppose 3*y + t + 2*t - 9 = 0, 4*t - 19 = 3*y. Let z(x) = 8*x**2 - 2*x - 1. Let h be z(y). What is the greatest common divisor of k and h?
9
Let r(g) = -g**2 + 5*g + 2. Let s be r(4). Let a(d) = d**2 + 4*d + 3. Let h be a(-3). Suppose h*b + 18 = 3*b. What is the highest common divisor of b and s?
6
Let w be (-202)/(-8) + (-9)/36. Calculate the highest common divisor of w and 125.
25
Suppose -3*b + 15 = 4*d - 2, -3*b + 2*d = -5. Suppose 60 = 2*n - 2*c, -2*n - c = b*c - 42. What is the highest common factor of n and 3?
3
Let c be ((-285)/(-12))/(4/16). Let r be (19*-2 + 0)/(-1). What is the greatest common factor of c and r?
19
Let f = -7 - -10. Let u be f/(3 - 6/3). Suppose 7*z - 84 = 3*z. What is the greatest common factor of z and u?
3
Let s = 285 + -129. Suppose 0*m = 5*i - 2*m - 18, i + 18 = -5*m. Suppose -2*z = i*z - s. Calculate the greatest common factor of 26 and z.
13
Let p = 19 + 0. Calculate the greatest common factor of p and 19.
19
Let t(a) = -6*a. Let w be t(-1). Let v(q) = 4*q - 3*q**2 + q + q**2 + 2*q**3 - 3. Let d be v(3). Calculate the highest common divisor of d and w.
6
Let h = -2 - -16. What is the highest common factor of h and 21?
7
Suppose 0 = l - 3 - 11. What is the highest common divisor of 2 and l?
2
Suppose -30 = -5*n - 5*t, 2*n - 5*t - 8 = 4. Let r be (n/(-5))/(3/(-20)). Calculate the highest common divisor of r and 40.
8
Suppose -8*m + 1520 = 2*m. Suppose 2*w = -0*w + 38. Calculate the greatest common factor of m and w.
19
Let n = -22 + 130. Let k = -21 + 24. Let b be (-2)/(k/n*-2). What is the greatest common divisor of 9 and b?
9
Suppose 7 = -2*d + 15. Suppose 14 = 2*h + d*z, 0*z - 2*z + 46 = 4*h. What is the highest common divisor of h and 26?
13
Let a be (216/5)/(7/35). Let z = 55 + -28. Calculate the highest common factor of z and a.
27
Let b be -3 + 2 + -2 + 3. Suppose 0*f + 4*f - 104 = b. Calculate the highest common divisor of f and 65.
13
Suppose 6 = 31*i - 25*i. What is the greatest common factor of 1 and i?
1
Let z be ((-102)/(-4))/((-27)/(-18)). Calculate the highest common factor of 17 and z.
17
Suppose 0 = -w + 5*v + 15, 0 = -0*w + 2*w + 2*v - 42. Suppose 0 = -4*k - w, k = o + 4*k + 14. Let n = o + 10. Calculate the highest common factor of 121 and n.
11
Let d(y) = y + 2. Let t be d(5). Let s = t + -5. Let l be 63/15 - (-2)/(-10). What is the highest common divisor of s and l?
2
Suppose 3*m - 16 = -m. Suppose 0 = m*h - 57 - 43. Suppose -4*f = -15 - h. What is the highest common factor of 30 and f?
10
Let g(b) = -b**2 - 3*b + 3. Let a be g(-3). Suppose -a*t - t = -4. Let v be (44/(-6))/(2/(-3)). What is the greatest common divisor of t and v?
1
Let u(d) = -d**3 + 26*d**2 - 16*d - 5. Let f be u(25). Calculate the highest common divisor of 22 and f.
22
Suppose 56 - 200 = -l. Calculate the highest common factor of 16 and l.
16
Let i be (5 - 1)*3/4. Let h(q) = -i + 4*q - 1 - 4. Let u be h(7). Calculate the highest common divisor of u and 50.
10
Let a = -23 + 53. Let i be -60*((-6)/4 - 1). Let o = i + -105. What is the greatest common factor of o and a?
15
Suppose 4*c = -3*t + 396, 3*c + 3*t + 2*t - 308 = 0. Suppose c = 2*f + 2*f. Calculate the greatest common factor of 3 and f.
3
Suppose 3*u + u = 200. What is the greatest common divisor of 10 and u?
10
Let o(u) = u**3 + 7*u**2 + 2*u - 4. Let i be o(-6). Let w = 4 + i. Calculate the greatest common divisor of 3 and w.
3
Suppose -3*v + 28 = -44. Suppose m - 4*m = -v. Calculate the greatest common factor of 32 and m.
8
Suppose 2*l - 3*m + 27 = 7*l, 3*l - 13 = -m. Let j(t) = 4*t**l + 60 - 16 - 3*t**3 - t**2. Let o be j(0). Calculate the greatest common divisor of o and 11.
11
Let s = 15 - 9. Calculate the greatest common divisor of s and 42.
6
Suppose -3*n + 7 = -5. Suppose 0 = n*i - 2*x - 44, -3*i + 4*x + 30 = x. Calculate the highest common factor of i and 108.
12
Suppose 4*r = 31 + 257. What is the greatest common divisor of r and 48?
24
Let h be 0*4/4 + 105. What is the greatest common factor of 21 and h?
21
Suppose -2*z = -0*z + 4. Let d be 3/((-3)/z) - -22. What is the greatest common divisor of 3 and d?
3
Let n be 69/6*(1 + 3). Suppose 0 = -0*d - 5*d + p + 115, 3*p - 115 = -5*d. What is the greatest common divisor of d and n?
23
Let p(l) = 264*l. Let q be p(1). Let d be ((-4)/(-6))/(2/q). What is the highest common divisor of 8 and d?
8
Suppose s = -4*s + 75. Let q(n) = 116*n - 4. Let r(u) = -58*u + 2. Let m(y) = -3*q(y) - 5*r(y). Let j be m(-1). Calculate the highest common factor of j and s.
15
Let t(h) = -h**3 - 5*h**2 - 9*h - 7. Let i be t(-6). Let s = i + -47. What is the highest common factor of 9 and s?
9
Let p be -2*7*(-1 - 1). Let k be 6 + -2 + 2 - -1. Calculate the greatest common factor of k and p.
7
Let j(r) = -r + 7. Let s be j(6). Suppose 7 - s = 3*c. Calculate the greatest common divisor of 4 and c.
2
Let x(r) = 4*r + 16. Let l be x(4). What is the highest common divisor of 16 and l?
16
Suppose c + 5*f - 85 = -2*c, -f = -4*c + 75. What is the highest common factor of 70 and c?
10
Let f = 4 + -12. Let d = f + -9. Let g = d - -26. Calculate the greatest common divisor of 6 and g.
3
Let v be -9 + 10 - (-1 - 0). Suppose -5 + 45 = 2*x + 4*g, -8 = v*g. What is the greatest common divisor of 196 and x?
28
Let k(h) = -h**3 + 6*h**2 + 11*h - 6. Let r be k(7). Calculate the highest common divisor of 11 and r.
11
Suppose 24 = -2*m - 5*w, -w = m + 1 + 8. Let d be 492/42 - 2/m. What is the greatest common factor of 6 and d?
6
Let u = 287 + -172. Calculate the highest common divisor of 23 and u.
23
Let v(i) = 2*i**3 - i**2 - i - 2. Let s be v(2). Let k = 459 + -395. What is the highest common factor of s and k?
8
Suppose -20 = -2*y + 2*p, 0*y + 5*y - 53 = 2*p. Suppose 6*c - 5*d - 74 = 3*c, -5*c = -5*d - 140. What is the highest common divisor of c and y?
11
Let d = 19